ands digit of 3687?
3
What is the tens digit of 34470?
7
What is the hundreds digit of 87460?
4
What is the tens digit of 681?
8
What is the hundreds digit of 1780?
7
What is the units digit of 1880?
0
What is the tens digit of 1692?
9
What is the tens digit of 1451?
5
What is the hundreds digit of 513?
5
What is the units digit of 44088?
8
What is the thousands digit of 27488?
7
What is the units digit of 15190?
0
What is the hundreds digit of 1851?
8
What is the hundreds digit of 2969?
9
What is the units digit of 369?
9
What is the tens digit of 4108?
0
What is the hundreds digit of 88668?
6
What is the units digit of 62757?
7
What is the units digit of 576?
6
What is the hundreds digit of 52083?
0
What is the thousands digit of 2446?
2
What is the hundreds digit of 1278?
2
What is the units digit of 214?
4
What is the hundreds digit of 10540?
5
What is the tens digit of 1628?
2
What is the tens digit of 1070?
7
What is the units digit of 325?
5
What is the tens digit of 41447?
4
What is the hundreds digit of 4221?
2
What is the units digit of 19481?
1
What is the hundreds digit of 19691?
6
What is the hundreds digit of 727?
7
What is the tens digit of 145?
4
What is the tens digit of 478?
7
What is the tens digit of 745?
4
What is the hundreds digit of 1059?
0
What is the units digit of 448?
8
What is the units digit of 3571?
1
What is the thousands digit of 6663?
6
What is the units digit of 3132?
2
What is the units digit of 5323?
3
What is the tens digit of 235?
3
What is the tens digit of 58830?
3
What is the thousands digit of 1273?
1
What is the tens digit of 10266?
6
What is the tens digit of 1005?
0
What is the ten thousands digit of 13824?
1
What is the ten thousands digit of 73488?
7
What is the tens digit of 66987?
8
What is the hundred thousands digit of 142978?
1
What is the units digit of 658?
8
What is the units digit of 54190?
0
What is the hundreds digit of 766?
7
What is the tens digit of 1346?
4
What is the tens digit of 68189?
8
What is the tens digit of 31?
3
What is the hundreds digit of 1298?
2
What is the ten thousands digit of 79398?
7
What is the thousands digit of 5039?
5
What is the units digit of 1311?
1
What is the tens digit of 7725?
2
What is the units digit of 3130?
0
What is the hundreds digit of 81776?
7
What is the ten thousands digit of 10041?
1
What is the thousands digit of 99984?
9
What is the tens digit of 626?
2
What is the tens digit of 1938?
3
What is the tens digit of 33983?
8
What is the thousands digit of 186267?
6
What is the units digit of 48167?
7
What is the hundreds digit of 709?
7
What is the hundreds digit of 484?
4
What is the thousands digit of 1371?
1
What is the tens digit of 54120?
2
What is the thousands digit of 15778?
5
What is the thousands digit of 26706?
6
What is the thousands digit of 1133?
1
What is the tens digit of 78?
7
What is the ten thousands digit of 22069?
2
What is the ten thousands digit of 14089?
1
What is the hundreds digit of 81337?
3
What is the tens digit of 1351?
5
What is the thousands digit of 18865?
8
What is the hundreds digit of 519?
5
What is the tens digit of 21225?
2
What is the units digit of 1155?
5
What is the units digit of 450?
0
What is the hundreds digit of 24290?
2
What is the hundreds digit of 642?
6
What is the units digit of 100?
0
What is the units digit of 7038?
8
What is the thousands digit of 128432?
8
What is the tens digit of 5070?
7
What is the ten thousands digit of 15672?
1
What is the tens digit of 67312?
1
What is the hundreds digit of 440?
4
What is the tens digit of 43?
4
What is the hundreds digit of 2902?
9
What is the units digit of 7437?
7
What is the hundreds digit of 15420?
4
What is the units digit of 19476?
6
What is the tens digit of 4364?
6
What is the thousands digit of 1044?
1
What is the tens digit of 211?
1
What is the units digit of 635?
5
What is the tens digit of 2655?
5
What is the units digit of 199?
9
What is the units digit of 472?
2
What is the units digit of 3208?
8
What is the hundreds digit of 35469?
4
What is the units digit of 789?
9
What is the hundreds digit of 7722?
7
What is the tens digit of 622?
2
What is the hundreds digit of 235?
2
What is the tens digit of 2735?
3
What is the units digit of 43579?
9
What is the thousands digit of 2391?
2
What is the units digit of 1491?
1
What is the tens digit of 9258?
5
What is the tens digit of 4689?
8
What is the tens digit of 14778?
7
What is the units digit of 68304?
4
What is the units digit of 147145?
5
What is the units digit of 437?
7
What is the tens digit of 717?
1
What is the units digit of 2157?
7
What is the hundreds digit of 890?
8
What is the tens digit of 729?
2
What is the hundreds digit of 9105?
1
What is the hundreds digit of 1202?
2
What is the tens digit of 878?
7
What is the hundreds digit of 2099?
0
What is the hundreds digit of 1690?
6
What is the thousands digit of 9911?
9
What is the tens digit of 13836?
3
What is the thousands digit of 8500?
8
What is the units digit of 4209?
9
What is the ten thousands digit of 35066?
3
What is the tens digit of 3618?
1
What is the thousands digit of 3009?
3
What is the tens digit of 240?
4
What is the units digit of 800?
0
What is the tens digit of 103894?
9
What is the hundreds digit of 28533?
5
What is the hundreds digit of 5779?
7
What is the units digit of 78?
8
What is the hundreds digit of 7341?
3
What is the hundreds digit of 300?
3
What is the units digit of 32085?
5
What is the hundreds digit of 1236?
2
What is the tens digit of 240?
4
What is the hundreds digit of 105596?
5
What is the units digit of 16747?
7
What is the ten thousands digit of 16326?
1
What is the tens digit of 7948?
4
What is the hundreds digit of 42428?
4
What is the ten thousands digit of 21657?
2
What is the units digit of 540?
0
What is the thousands digit of 99286?
9
What is the ten thousands digit of 14178?
1
What is the tens digit of 15293?
9
What is the tens digit of 1062?
6
What is the thousands digit of 103287?
3
What is the thousands digit of 27014?
7
What is the thousands digit of 34834?
4
What is the hundreds digit of 154?
1
What is the units digit of 6337?
7
What is the tens digit of 5153?
5
What is the thousands digit of 72621?
2
What is the ten thousands digit of 35254?
3
What is the thousands digit of 5823?
5
What is the hundreds digit of 4731?
7
What is the units digit of 469?
9
What is the tens digit of 363?
6
What is the tens digit of 2364?
6
What is the units digit of 1042?
2
What is the hundreds digit of 950?
9
What is the units digit of 21537?
7
What is the tens digit of 6843?
4
What is the hundreds digit of 12085?
0
What is the thousands digit of 2815?
2
What is the thousands digit of 155126?
5
What is the tens digit of 6054?
5
What is the units digit of 669?
9
What is the hundreds digit of 656?
6
What is the units digit of 3257?
7
What is the hundreds digit of 1683?
6
What is the units digit of 982?
2
What is the ten thousands digit of 10265?
1
What is the tens digit of 39148?
4
What is the thousands digit of 5708?
5
What is the tens digit of 3141?
4
What is the thousands digit of 4743?
4
What is the hundreds digit of 416?
4
What is the tens digit of 7847?
4
What is the units digit of 25235?
5
What is the units digit of 51035?
5
What is the hundreds digit of 16753?
7
What is the units digit of 17896?
6
What is the ten thousands digit of 101019?
0
What is the hundreds digit of 104226?
2
What is the hundreds digit of 1051?
0
What is the hundreds digit of 4526?
5
What is the units digit of 2728?
8
What is the units digit of 17272?
2
What is the thousands digit of 1587?
1
What is the tens digit of 3293?
9
What is the hundreds digit of 79627?
6
What is the units digit of 1699?
9
What is the tens digit of 1281?
8
What is the ten thousands digit of 10332?
1
What is the units digit of 3199?
9
What is the tens digit of 819?
1
What is the thousands digit of 3654?
3
What is the units digit of 1922?
2
What is the tens digit of 833?
3
What is the hundreds digit of 762?
7
What is the units digit of 11886?
6
What is the tens digit of 6672?
7
What is the units digit of 83892?
2
What is the tens digit of 117333?
3
What is the tens digit of 34282?
8
What is the hundreds digit of 1072?
0
What is the units